{"id":101,"date":"2024-04-29T21:56:50","date_gmt":"2024-04-29T19:56:50","guid":{"rendered":"https:\/\/www.egenbar.se\/?page_id=101"},"modified":"2024-05-04T13:40:14","modified_gmt":"2024-05-04T11:40:14","slug":"festpaketet-2","status":"publish","type":"page","link":"https:\/\/www.egenbar.se\/index.php\/festpaketet-2\/","title":{"rendered":"FESTPAKETET"},"content":{"rendered":"\n<h2 class=\"wp-block-heading has-text-align-center\">FEST, BR\u00d6LLOP ELLER KALAS? VI FINNS H\u00c4R F\u00d6R DIG!<\/h2>\n\n\n\n<figure class=\"wp-block-image aligncenter size-full\"><img decoding=\"async\" width=\"50\" height=\"35\" src=\"https:\/\/www.egenbar.se\/wp-content\/uploads\/2024\/04\/avdelare.png\" alt=\"\" class=\"wp-image-47\"\/><\/figure>\n\n\n\n<figure class=\"wp-block-image size-large\"><img fetchpriority=\"high\" decoding=\"async\" width=\"1010\" height=\"1024\" src=\"https:\/\/www.egenbar.se\/wp-content\/uploads\/2024\/04\/festpaketet-1010x1024.png\" alt=\"\" class=\"wp-image-36\" srcset=\"https:\/\/www.egenbar.se\/wp-content\/uploads\/2024\/04\/festpaketet-1010x1024.png 1010w, https:\/\/www.egenbar.se\/wp-content\/uploads\/2024\/04\/festpaketet-296x300.png 296w, https:\/\/www.egenbar.se\/wp-content\/uploads\/2024\/04\/festpaketet-768x779.png 768w, https:\/\/www.egenbar.se\/wp-content\/uploads\/2024\/04\/festpaketet-1514x1536.png 1514w, https:\/\/www.egenbar.se\/wp-content\/uploads\/2024\/04\/festpaketet-2019x2048.png 2019w\" sizes=\"(max-width: 1010px) 100vw, 1010px\" \/><\/figure>\n\n\n\n<p>Ska du ha privat fest, kalas, br\u00f6llop eller annat evenemang och beh\u00f6ver bartenders och serveringspersonal?<br><br>Alla vill att deras fest ska bli minnesv\u00e4rd och att det ska finnas kvalitet p\u00e5 tillst\u00e4llningen.<br>Vi tillf\u00f6r kvalitet, service och branschkunskap f\u00f6r att din tillst\u00e4llning ska bli lyckad och minnesv\u00e4rd!<br><br>Kontakta oss f\u00f6r att f\u00e5 fram en l\u00f6sning som passar dig!<\/p>\n","protected":false},"excerpt":{"rendered":"<p> [&hellip;]<\/p>\n","protected":false},"author":1,"featured_media":0,"parent":0,"menu_order":0,"comment_status":"closed","ping_status":"closed","template":"","meta":{"inline_featured_image":false,"footnotes":""},"class_list":["post-101","page","type-page","status-publish","hentry"],"_links":{"self":[{"href":"https:\/\/www.egenbar.se\/index.php\/wp-json\/wp\/v2\/pages\/101","targetHints":{"allow":["GET"]}}],"collection":[{"href":"https:\/\/www.egenbar.se\/index.php\/wp-json\/wp\/v2\/pages"}],"about":[{"href":"https:\/\/www.egenbar.se\/index.php\/wp-json\/wp\/v2\/types\/page"}],"author":[{"embeddable":true,"href":"https:\/\/www.egenbar.se\/index.php\/wp-json\/wp\/v2\/users\/1"}],"replies":[{"embeddable":true,"href":"https:\/\/www.egenbar.se\/index.php\/wp-json\/wp\/v2\/comments?post=101"}],"version-history":[{"count":4,"href":"https:\/\/www.egenbar.se\/index.php\/wp-json\/wp\/v2\/pages\/101\/revisions"}],"predecessor-version":[{"id":143,"href":"https:\/\/www.egenbar.se\/index.php\/wp-json\/wp\/v2\/pages\/101\/revisions\/143"}],"wp:attachment":[{"href":"https:\/\/www.egenbar.se\/index.php\/wp-json\/wp\/v2\/media?parent=101"}],"curies":[{"name":"wp","href":"https:\/\/api.w.org\/{rel}","templated":true}]}}