{"id":96,"date":"2024-04-29T21:57:07","date_gmt":"2024-04-29T19:57:07","guid":{"rendered":"https:\/\/www.egenbar.se\/?page_id=96"},"modified":"2024-05-04T13:39:53","modified_gmt":"2024-05-04T11:39:53","slug":"kung-i-baren","status":"publish","type":"page","link":"https:\/\/www.egenbar.se\/index.php\/kung-i-baren\/","title":{"rendered":"KUNG I BAREN"},"content":{"rendered":"\n<h2 class=\"wp-block-heading has-text-align-center\">BLI KUNG I BAREN DU OCKS\u00c5 &#8211; GENOM V\u00c5RA DRINKKURSER!<\/h2>\n\n\n\n<figure class=\"wp-block-image aligncenter size-full\"><img decoding=\"async\" width=\"50\" height=\"35\" src=\"https:\/\/www.egenbar.se\/wp-content\/uploads\/2024\/04\/avdelare.png\" alt=\"\" class=\"wp-image-47\"\/><\/figure>\n\n\n\n<figure class=\"wp-block-image size-large\"><img fetchpriority=\"high\" decoding=\"async\" width=\"1024\" height=\"768\" src=\"https:\/\/www.egenbar.se\/wp-content\/uploads\/2024\/04\/IMG_20220306_163129-1024x768.jpg\" alt=\"\" class=\"wp-image-60\" srcset=\"https:\/\/www.egenbar.se\/wp-content\/uploads\/2024\/04\/IMG_20220306_163129-1024x768.jpg 1024w, https:\/\/www.egenbar.se\/wp-content\/uploads\/2024\/04\/IMG_20220306_163129-300x225.jpg 300w, https:\/\/www.egenbar.se\/wp-content\/uploads\/2024\/04\/IMG_20220306_163129-768x576.jpg 768w, https:\/\/www.egenbar.se\/wp-content\/uploads\/2024\/04\/IMG_20220306_163129-1536x1152.jpg 1536w, https:\/\/www.egenbar.se\/wp-content\/uploads\/2024\/04\/IMG_20220306_163129-2048x1536.jpg 2048w\" sizes=\"(max-width: 1024px) 100vw, 1024px\" \/><\/figure>\n\n\n\n<p>Vilka \u00e4r dagens mest popul\u00e4ra drinkar? Vad finns det f\u00f6r klassiska drinkar?<br>Vilka glas ska de serveras ur? Varf\u00f6r ska man ha s\u00e5 mycket is i drinken? &#8211; Fr\u00e5gorna \u00e4r m\u00e5nga!<br><br>H\u00e4r f\u00e5r du svaren p\u00e5 alla dina drinkfr\u00e5gor, blanda drinkar sj\u00e4lv och dessutom f\u00e5 provsmaka klassiska och popul\u00e4ra drinkar. Du f\u00e5r ocks\u00e5 tips p\u00e5 vad du beh\u00f6ver i hemmabaren och dessutom riktigt bra erbjudanden p\u00e5 barutrustning.<br><br>Genom den h\u00e4r kursen f\u00e5r du l\u00e4ra dig allt du beh\u00f6ver veta f\u00f6r att bli kung i baren.<br>Minimum 5 personer, vi ser dock helst att det \u00e4r grupper p\u00e5 10 &#8211; 15 pers. Ju fler deltagare, desto l\u00e4gre pris per person.<br><br>Drinkkursen arrangeras p\u00e5 beg\u00e4ran i v\u00e5r utbildningsbar Magasinet i V\u00e4rmland eller hos er, i hyrd lokal eller i annan l\u00f6sning.<br><br>BOKA REDAN IDAG!<\/p>\n","protected":false},"excerpt":{"rendered":"<p> [&hellip;]<\/p>\n","protected":false},"author":1,"featured_media":0,"parent":0,"menu_order":0,"comment_status":"closed","ping_status":"closed","template":"","meta":{"inline_featured_image":false,"footnotes":""},"class_list":["post-96","page","type-page","status-publish","hentry"],"_links":{"self":[{"href":"https:\/\/www.egenbar.se\/index.php\/wp-json\/wp\/v2\/pages\/96","targetHints":{"allow":["GET"]}}],"collection":[{"href":"https:\/\/www.egenbar.se\/index.php\/wp-json\/wp\/v2\/pages"}],"about":[{"href":"https:\/\/www.egenbar.se\/index.php\/wp-json\/wp\/v2\/types\/page"}],"author":[{"embeddable":true,"href":"https:\/\/www.egenbar.se\/index.php\/wp-json\/wp\/v2\/users\/1"}],"replies":[{"embeddable":true,"href":"https:\/\/www.egenbar.se\/index.php\/wp-json\/wp\/v2\/comments?post=96"}],"version-history":[{"count":7,"href":"https:\/\/www.egenbar.se\/index.php\/wp-json\/wp\/v2\/pages\/96\/revisions"}],"predecessor-version":[{"id":142,"href":"https:\/\/www.egenbar.se\/index.php\/wp-json\/wp\/v2\/pages\/96\/revisions\/142"}],"wp:attachment":[{"href":"https:\/\/www.egenbar.se\/index.php\/wp-json\/wp\/v2\/media?parent=96"}],"curies":[{"name":"wp","href":"https:\/\/api.w.org\/{rel}","templated":true}]}}